2*o**4 + 92*o**3/3 + 1611*o**2. Give s(-44).
8
Suppose -4*g = 5*t - 19, -36 = 5*t - 31. Let n(b) = -3*b + 14. Determine n(g).
-4
Let f = -117881/4 - -29471. Let d(a) be the first derivative of -1/3*a**3 - a**2 - a - 19 + f*a**4. Calculate d(-1).
-3
Suppose -44*a + 48 = -32*a. Let x(b) = -28*b + 29*b + a - 3. What is x(-6)?
-5
Let s be 1575/325 + 1 + 11/(-13). Let x(q) = -24*q + q**2 + 37*q - s - 22*q. Calculate x(9).
-5
Suppose -4*x = 12, p = -p + 4*x + 20. Let s(k) = -p - 2 + 27*k - 10 - 17*k. Let v be s(2). Let q(n) = n**2 - n + 4. Determine q(v).
16
Let n be ((-9)/(-4))/9 + (-69)/(-12). Suppose 3 = v - 5*b - 20, -5*v + n*b = -20. Let g(w) = 2*w**2 - 2*w - 3. What is g(v)?
9
Let t = -12590 + 12614. Let i(m) = m - 33. Calculate i(t).
-9
Let b(l) = l**3 + 4*l**2 - 7*l - 6. Let u be b(-5). Suppose 0*k - u*k = -64. Suppose -k = 2*c + 2*c. Let o(a) = -a**3 - 5*a**2 - 4*a - 3. Determine o(c).
-3
Let g(r) = -r + 60*r**2 + 127*r**2 - 88*r**2 - 89*r**2. Let v = 3 - 4. What is g(v)?
11
Let h be (18 + 728/(-39))*(-63)/(-6). Let f(t) = t + t**2 + 3*t + t - 8. What is f(h)?
6
Let k(x) = x**2 - 5. Let w be 1/((-10)/(-192)) + (-4)/(-5). Let q be 1 + 0 + 6/2. Suppose -5*c - w = 4*t + 5, 20 = -4*t - q*c. Calculate k(t).
-5
Let d(o) = -2*o - 3. Let p(i) = 1. Let g(j) = -d(j) + p(j). Suppose 2 = 12*a + 14. Let f(k) = -4*k + 3. Let b be f(a). Calculate g(b).
18
Let a(r) = r - 4. Suppose 0 = 4*q - 53 + 153. Let f = 31 + q. Give a(f).
2
Let r(d) = -11*d**3 + 67*d**2 - 8*d + 10. Let m be r(6). Let w(q) = 2*q - 11. What is w(m)?
-15
Suppose -5*p = -4*z, -p + 0*z = -2*z. Suppose -4*o + 8*o - s = 11, 2*o - s - 5 = 0. Suppose p = 3*b + o*b + 6. Let q(h) = 10*h. Calculate q(b).
-10
Let h(o) be the third derivative of 1/30*o**5 - 1/6*o**3 + 0 + 1/12*o**4 + o**2 - 29*o. Determine h(3).
23
Let z(w) = -w**3 + 4*w**2 - 3*w + 4. Suppose 47*j - 22*j = 50. Determine z(j).
6
Suppose -5*o - 4*l + 18 = 0, 0 = 4*o - 10*l + 5*l + 2. Let u(d) be the first derivative of 25 + 5/3*d**3 - 3*d + d**o. Give u(2).
21
Let o(n) = 2*n**2 + n + 8 - 11*n + 8*n - 11 + 3*n**3. Calculate o(-2).
-15
Let j be (73/(-5))/(7/(-35)). Let c be (-12)/(-8) - (j/2)/1. Let w = -44 - c. Let q(p) = -p - 10. Determine q(w).
-1
Let s(b) = -7*b**3 + 49*b**2 - 67*b - 40. Let g(o) = -3*o**3 + 21*o**2 - 29*o - 17. Let z(y) = 16*g(y) - 7*s(y). What is z(6)?
2
Let z(t) = t - 4. Let v be z(-7). Let b(g) be the first derivative of -g**4/4 - 4*g**3 - 5*g**2 + 14*g - 551. What is b(v)?
3
Let c(j) = 6*j**2 + 1815 + j**3 + j - 1812 + j**2 + 6*j**2 - 6*j**2. Give c(-6).
33
Let d(y) = y**3 + 34*y**2 + 39*y + 208. Suppose u = 2*r + 64, -3*r + 506 - 611 = 3*u. Give d(r).
10
Let j(x) = x**3 - 7*x**2 + 11*x + 19. Let i = -17876 + 17880. What is j(i)?
15
Let b(z) = -7*z**2 + 6*z - 9. Let j(q) = -9*q**2 + 8*q - 10. Let m(d) = -3*d - 20. Let i be m(-5). Let c(o) = i*b(o) + 4*j(o). Calculate c(-5).
-30
Let p(m) = m + 9. Let k(l) = -l**2 - 13*l - 37. Let j be k(-8). Let x be 1*(1/j)/((-4)/84). Calculate p(x).
2
Let i(d) be the first derivative of d**3/3 + 5*d**2/2 + 4*d - 89. Suppose -5*t - 35 = -4*k, 3*k + 52 = 8*k + 2*t. Let u be k/(-3)*(-3)/(-2). What is i(u)?
4
Let w(h) be the third derivative of -h**4/8 + 7*h**3/6 + 1775*h**2. Determine w(-11).
40
Let v(r) = -155*r + 35. Let u(w) = 55*w - 12. Let l(f) = -20*u(f) - 7*v(f). What is l(-1)?
10
Let b(c) = c**3 + 6*c**2 + 5*c + 6. Let i(r) = -r**3 - 3*r**2 - r + 28. Let a be i(5). Let n = -182 - a. Calculate b(n).
6
Let i(m) be the second derivative of -1/2*m**3 - 1/2*m**2 + 0 - 168*m - 1/12*m**4. Let x = 13 + -18. Calculate i(x).
-11
Suppose -25*k - 260 + 410 = 0. Let j(x) = -x**2 + 4*x - 2. Let w be j(2). Let r(m) = -k*m - 2 + m - w*m. Give r(-2).
12
Let m(g) = -g**3 - 16*g**2 - 19*g - 14. Let w be m(-14). Let i = -119 - w. Let p be i/35 + (-74)/(-10). Let o(v) = -2*v + 2. Calculate o(p).
-14
Let t(i) be the third derivative of 5*i**5/12 + 5*i**4/12 - 23*i**3/6 + 10*i**2. Let r be t(11). Let c(x) = 3*x - r + 3117 - 2*x. What is c(-4)?
1
Let j(n) = -91*n - 12 + 26*n + 22*n + 32*n + 26*n. What is j(3)?
33
Suppose -3*p = -4*i - 2*p - 2, 3*i - p = -2. Suppose i = -16*z + 7*z - 81. Let r(l) = l**2 + 8*l - 11. Determine r(z).
-2
Let o(m) = -m**2 + 58*m - 615. Let q be o(44). Let r(j) = 15*j**3 + 2*j - 3. Give r(q).
14
Let z = -513 - -517. Let f(l) be the first derivative of l**2/2 - 4. Determine f(z).
4
Let r(s) = -2*s**2 - 13*s - 3. Let t(i) = i**2 + 7*i + 2. Suppose -7*u + 9 = 23. Let v be (0 + u/6)*(30 - 9). Let q(p) = v*t(p) - 3*r(p). What is q(-10)?
-5
Let x(b) = -3*b**2 + 3*b - 2. Let u(i) = -i**2 + 15*i + 288. Let h be u(-11). What is x(h)?
-8
Let p(v) = 2*v - 2. Let u(j) be the first derivative of j**4/2 - 10*j**3/3 - 11*j**2/2 - 2*j + 161. Let b be u(6). Determine p(b).
6
Let n(s) be the first derivative of -s**3/3 + 7*s**2/2 - 7*s + 1. Let q = 373 - 48. Let k = -318 + q. Determine n(k).
-7
Let b(u) = -2*u**3 + 53*u**2 + 30*u - 78. Let d be (-6)/((1232/198)/(-28)). What is b(d)?
3
Let o(p) = -40*p + 59. Let u(g) = 12*g - 19. Let r(x) = 2*o(x) + 7*u(x). Determine r(6).
9
Let h(g) = -203 + 161*g**2 + 161 + 14*g + 163*g**2 - 325*g**2. Calculate h(7).
7
Let v(i) = -8*i**2 + 27*i - 125. Let m(w) = 3*w**2 - 14*w + 56. Let u(j) = 5*m(j) + 2*v(j). Determine u(-20).
-50
Let b = 454713 - 454721. Let r(t) = 6*t - 30. Let u(a) = a - 6. Let i(q) = -2*r(q) + 11*u(q). Determine i(b).
2
Suppose -18 = -2*g + 2*n, 5*g + 3*n - 318 = -257. Let s(r) = -r**3 + 10*r - 9 - 17 + 3*r + 10*r**2. Let k be s(g). Let j(h) = 3*h + 5. Determine j(k).
-7
Suppose 3*s + 3*r = 5*s - 64, -2*s + 36 = 4*r. Let w(x) = -30*x + 2*x**2 + 7*x + s*x - 4. Calculate w(2).
10
Let j(u) be the third derivative of -35*u**4/6 + 189*u**3/2 - 5739*u**2. Give j(4).
7
Let z(j) be the second derivative of -5/6*j**3 + 1/6*j**4 - 2 - 12*j - 1/2*j**2. Let f = 4 - 0. Calculate z(f).
11
Let j(c) = -c**3 + 10*c**2 - 9*c - 5. Let u be j(9). Let w(s) be the first derivative of s**4/4 + 2*s**3/3 - 4*s**2 - 4*s - 5337. Calculate w(u).
-39
Let i(v) = 7*v**2 + 1. Let m be 99/8 + (-138)/368. Let n be 4/6*(-10)/(-80)*m. Determine i(n).
8
Let i(a) = -67*a + 203. Let j be i(3). Let q(k) be the first derivative of 17 + k + 9/2*k**j. Determine q(-1).
-8
Let s(k) be the second derivative of -k**4/6 - 3*k**3 - 5*k**2 + 23*k + 48. Determine s(-10).
-30
Suppose -q + 43*q = -294. Let s = q + -4. Let v(f) = -f + 15. Calculate v(s).
26
Let m = 68 + 84. Let v = m - 149. Let n(b) = 2*b**3 - 3*b**2 - 3*b + 2. Calculate n(v).
20
Suppose 23*q - 216 = 14*q. Let h(y) = -67 + 42 - y - 9*y**2 + q + 3*y. Determine h(2).
-33
Let q(i) = i + 13. Let s(a) be the third derivative of a**4/6 + 67*a**3/6 - 5*a**2 - 7. Let d be s(-19). What is q(d)?
4
Let j(z) = 2*z**2 + 10*z - 5. Let f(g) = -4*g**2 - 21*g + 10. Let k(p) = -p**2 + 10*p + 52. Let o be k(14). Let s(n) = o*f(n) - 9*j(n). What is s(-5)?
-15
Let c(i) = 7*i**2 - 3*i - 5. Let p(j) be the second derivative of 3*j**4/4 - j**3/3 - 3*j**2 + 3*j - 5. Let k(u) = 4*c(u) - 3*p(u). Calculate k(6).
-2
Let m = 90 + -83. Let u(r) = -9*r**3 + m*r**3 - 344 + 345. Suppose 5 - 3 = -2*i. Calculate u(i).
3
Let g(o) = 4*o - 63. Let n be g(16). Let u(b) = -2 + n + 9*b + 6*b - 13*b. Determine u(-3).
-7
Let q(y) = 488*y - 2. Let u(j) = 161*j. Let p(i) = q(i) - 3*u(i). Let w be (-1)/(((-6)/3)/(-10)). Determine p(w).
-27
Let f(t) = -3*t - 3*t + 1 + 2*t + 0*t + t**2. Let q be ((-1)/(-3))/(19/(-171))*-2. Give f(q).
13
Let o(f) = 1. Let d(b) = -b**2 - 10*b - 6. Let j(k) = -d(k) + o(k). Suppose 5*l + 7 - 2 = z, -41 = 5*z - 3*l. Calculate j(z).
7
Let a(i) = -i + 4 + 6 - 4. Let h(z) = 13*z + 257. Let p be h(-20). Let x be p - ((-12)/(-5))/(51/(-170)). Calculate a(x).
1
Let r(g) = g. Let l(c) = 17*c + 22*c - 50*c + 12*c. Let j(w) = -4*l(w) + 7*r(w). Determine j(1).
3
Let w be 225/63 - 3/(-7). Let m(a) = 18*a - w - 3 + 0*a + 6. Suppose -x + 3 = -p, -25 = 2*p + p - 7*x. Calculate m(p).
17
Let p = -8 + 6. Let z be -1*(9 - (-2)/p). Let a(x) = 10 - 472*x + 7*x**2 - 122*x + x**3 + 588*x. What is a(z)?
-6
Let q(s) = -s**2 - 3*s + 131. Suppose -a = 6, 0 = -12*b + 7*b + 4*a - 41. Calculate q(b).
1
Let z = -197 - -199. Let g(d) = d**2 - 11*d + 0*d**2 + 0 + 8 + 0*d**z. What is g(8)?
-16
Let l(g) be the second derivative of -g**2 + 31*g + 1/3*g**3 - 4. Calc